-194. What are the prime factors of w?
2, 23
Let h(k) = k**3 + 4*k**2 + 4*k + 1. Let l be h(-5). Let w = -21 - l. What are the prime factors of w?
23
Let k be 6*(-2)/(-8)*-6. Let b = 18 + k. What are the prime factors of b?
3
Suppose 0 = -2*h + 7*t - 4*t - 47, 23 = -2*h - 5*t. Suppose 0 = -2*i - 0*i - 58. Let v = h - i. What are the prime factors of v?
2, 5
What are the prime factors of ((-74)/3)/((-12)/18)?
37
Let o be 2 - (3 + -2)/(-1). Suppose o*l - b = 54, 2*l + 3*b - 53 = -2*b. List the prime factors of l.
19
Let w = 4 + -2. Suppose -u - 5*b = -8 - 17, 40 = w*u + 5*b. List the prime factors of u.
3, 5
Let j(s) = s**3 - 6*s**2 + 2*s - 4. Let i be j(6). Suppose -i = -4*y + 4. List the prime factors of y.
3
Let y(q) be the first derivative of 5*q**3/3 + 3*q**2/2 - 7*q - 1. Let i(w) = 6*w**2 + 3*w - 7. Let x(p) = -4*i(p) + 5*y(p). List the prime factors of x(-6).
11
Let t(v) = -v**2 - 6*v + 5. Suppose -6*i + 2*i - 24 = 0. List the prime factors of t(i).
5
Suppose 0 = 3*q - 6*q + 84. List the prime factors of q.
2, 7
Let s(i) = -4*i**2 - 5*i + 3. Let b(k) = 7*k**2 + 10*k - 6. Let d(f) = -6*b(f) - 11*s(f). List the prime factors of d(4).
3, 5
Let p(u) = -u**2 + 6*u - 3. Let f be p(5). Suppose 4*s + 4 = -4*c, -2*s + f*c = -4 - 6. Let m(w) = 3*w**2 + w - 2. What are the prime factors of m(s)?
2, 3
Let n = -72 - -249. List the prime factors of n.
3, 59
Suppose 0 = 5*r + 4 + 21, -u + 278 = -2*r. What are the prime factors of u?
2, 67
Suppose -16 = 4*c + 3*t, -4*c + 3*t = 19 - 3. Let a = -2 + c. Let b(o) = -o. List the prime factors of b(a).
2, 3
Let z = 14 - -3. What are the prime factors of z?
17
Let x(k) = k**2 - 8*k - 13. List the prime factors of x(11).
2, 5
Suppose -2*q = -v - 6, q + q = -3*v - 2. Let t = v - -2. Suppose t*o = -5*o + 30. What are the prime factors of o?
2, 3
Let r be (-42)/(-6*(-3)/(-12)). Let h = r + -10. Suppose z - h + 0 = 0. What are the prime factors of z?
2, 3
Let o(g) = -2*g - 5. Let z(f) = -f**3 + 6*f**2 + 6*f. Let c be z(7). What are the prime factors of o(c)?
3
Let g(b) = -b**3 + 2*b**2 + 2*b - 4. Let n be g(3). Let m(r) = -r**3 - 8*r**2 - 9*r - 6. List the prime factors of m(n).
2
Let u(j) = -j**3 + j**2 + 2*j + 85. What are the prime factors of u(0)?
5, 17
What are the prime factors of ((-144)/56)/(1/(-7))?
2, 3
Let l(p) = 0*p - p + 3*p**2 + 1 - p. List the prime factors of l(-2).
17
Suppose 3*m + 436 = 4*n + 2*m, 4*m + 204 = 2*n. List the prime factors of n.
2, 5, 11
Suppose 2*d = 4*i - 2, 6*i - 3*i = -3*d - 30. Let c be 14*(d/(-2) + -3). Suppose x = 5 + c. List the prime factors of x.
2, 3
Suppose -4*u - 213 + 859 = -5*k, 2 = -k. What are the prime factors of u?
3, 53
Let r(x) = 18*x + 2. List the prime factors of r(2).
2, 19
Suppose 4*q + c = 122, -2*q + 2*c + 146 = 3*q. List the prime factors of q.
2, 3, 5
Let o(u) = -6*u - u - 2 - u + u. What are the prime factors of o(-2)?
2, 3
Let z be 14/6 + 2/(-6). Suppose 2*g + 7 = x, -19 = -z*x - 2*g - 5. What are the prime factors of x?
7
Suppose 0 = -r + 4 - 2. Suppose -6*w + r*w + 4 = 0. Suppose w + 23 = 4*d. What are the prime factors of d?
2, 3
Let b(o) = o. Let i be b(0). Suppose -h - 4 = -3*h. What are the prime factors of 4/h + 9 + i?
11
Let l(b) = b + 4. Let s be l(0). Suppose 4*m - 24 = -0*m. Suppose 3*g - m = -4*z, -8 = -4*g - s*z + z. What are the prime factors of g?
2
Let v(a) = a**2 - 5*a + 9. Let l = 8 - 1. What are the prime factors of v(l)?
23
Suppose -11 = -3*i + 1. Suppose -i*v - 6 = -v. What are the prime factors of v + 13 - (-4 - -1)?
2, 7
Let o = 9 - 19. What are the prime factors of 14/(-3)*15/o?
7
Let i(u) = -2*u**2 + 4*u**2 + u + 4*u - u**2. Let x be i(-5). Suppose -4*d - k + 34 + 0 = 0, d - 4*k = x. List the prime factors of d.
2
Let z(r) be the first derivative of r**3/3 + 3*r**2/2 - 4*r + 1. Let d be z(-6). Let y = d - 6. List the prime factors of y.
2
Let s(h) = -6*h - 12. List the prime factors of s(-5).
2, 3
Let b = 76 - 60. What are the prime factors of b?
2
Suppose -5*p = 5*g - 715, 0*p + 4*g = 2*p - 304. What are the prime factors of p?
2, 73
Let x = 10 - 9. Let v be (28/(-10))/(x/5). What are the prime factors of (v/2)/(3/(-6))?
2, 7
Let u(q) = -q - 15. Let b be u(-13). Let h(c) = 2*c**2 + c + 2. What are the prime factors of h(b)?
2
Let y(h) = -h**3 + 2*h**2 + 4*h - 3. Let a be y(3). Suppose 0 = -a*q + 3*q - 36. List the prime factors of q.
2, 3
Suppose 3*b = -l + 41, 4*b - 3*b - 37 = -5*l. List the prime factors of (-9)/b - (-374)/8.
2, 23
Let i = 0 - -1. Let x = i - 4. List the prime factors of (-3 - x) + 9 + -1.
2
Let p = 31 + -16. Suppose v + v = 0. Let m = p - v. List the prime factors of m.
3, 5
Suppose -c + 3*r + 133 = 0, 27 = 5*c + r - 702. What are the prime factors of c?
5, 29
Suppose -3*r = -58 - 71. List the prime factors of r.
43
Suppose -3*v = 15 + 3. Suppose 0 = -t - 5*i + 21, 0 = 4*i - 4 - 4. Let p = t + v. List the prime factors of p.
5
Let c(f) = 2*f**2 - 3*f. List the prime factors of c(-3).
3
Suppose -23 = -3*x - 8. Suppose -15 = -x*l - 2*f + 5, 0 = 3*l + 4*f - 12. Suppose -l*a = -24 - 12. List the prime factors of a.
3
Let x(d) = d**3 - 7*d**2 + 5*d - 2. Let w be x(4). List the prime factors of w/(-2 - 1)*3.
2, 3, 5
Let h = -1 - -26. Let c = h - 16. What are the prime factors of c?
3
Let f be 5 + -1 + (0 - 2). What are the prime factors of 0 + -1 - f - -34?
31
Let f be (-20)/2*(-1 + -1). Suppose 0 = i + 3*i - f. Suppose -3*u + 31 = -i*l, 3*u + 5*l + 19 = 5*u. List the prime factors of u.
2, 3
Suppose 3*o - o = 5*w + 132, -5*w = 20. Let t(f) = 4*f**2 - 2*f. Let i be t(-2). What are the prime factors of o/10*i/8?
2, 7
Let b = 3 - 1. Let h(y) = -y**b - 10*y - 1 + 5 + 4*y. List the prime factors of h(-6).
2
Let u = -186 - -279. What are the prime factors of u?
3, 31
Let o(x) = -2*x**3 + 2*x + 1. Let g be o(2). Let b(d) = -d**2 + 13*d - 18. Let r be b(12). Let c = r - g. List the prime factors of c.
5
Let t(o) = -22*o. Let c(f) = f. Let h(n) = c(n) - t(n). What are the prime factors of h(1)?
23
Let z be -1 - 1 - (0 + 4). Let i be 3*(-1)/(z/(-4)). What are the prime factors of (9/(-1))/(i - -1)?
3
Let j = -37 - -96. List the prime factors of j.
59
Let z = 9 + -8. Let p = 5 - z. List the prime factors of p.
2
Suppose -4*j - 20 = -9*j. Suppose -j*n + 20 = 2*b, -2*n - 5*b - 6 = -24. What are the prime factors of n?
2
Suppose 0*n = -5*n - 2*f + 72, 68 = 5*n - 2*f. List the prime factors of (12/7)/(4/n).
2, 3
Suppose 0*u - 3*u + 6 = 0. Suppose 5*p + 20 = 2*l + u*p, 5*l = p + 63. What are the prime factors of l?
13
Let b(o) be the second derivative of -o**5/20 - 7*o**4/12 - 3*o**3/2 - o**2 + 2*o. Suppose 0 = -8*p + 4*p - 24. What are the prime factors of b(p)?
2
Suppose 5*w + 2*o + 3*o + 235 = 0, -4*o = w + 56. Let g = -30 - w. What are the prime factors of g?
2, 7
Suppose -4*f + 30 = 2*o, 5*o - 32 = -3*f + 15. Let z(v) = -2*v + 2 + o*v - v**2 + 0*v**2. List the prime factors of z(5).
2
Let c = 27 + -7. Let g be 26/10 + 8/c. Suppose 5 = p - 5*o + g, -8 = -4*p + 2*o. List the prime factors of p.
2
Suppose 2*o + 99 + 21 = d, 3*d = 4*o + 356. Let t be (-8)/(-28) - d/14. Let l(q) = q**3 + 8*q**2 - q + 7. List the prime factors of l(t).
3, 5
Let v(g) = -g**3 + 11*g**2 + 30*g - 7. What are the prime factors of v(12)?
11, 19
Let b(n) be the first derivative of 2*n**3/3 + 5*n**2 + 3*n - 7. What are the prime factors of b(-7)?
31
Suppose -5*g = 10 + 5. Let h = g + 4. List the prime factors of -2 - 0 - (-4 - h).
3
Suppose 7*k + 24 = 4*k. What are the prime factors of (-2)/k - (-7)/4?
2
Suppose 2*m - 17 = 3*z, 0*m + 5*m = -2*z + 14. Suppose m*t + 93 = 7*t. What are the prime factors of t?
31
Let c = 9 + -7. Let o = c - 4. What are the prime factors of 2 - -1 - (o + 0)?
5
Let t = -9 - -54. List the prime factors of t.
3, 5
Suppose w - 3*w = -20. Let h = w - 5. Suppose 18 = -2*n + h*n. What are the prime factors of n?
2, 3
Let r(i) = -22*i - 57. List the prime factors of r(-8).
7, 17
Suppose 0 = 2*v + u, 0 = v - u + 2*u. Suppose -5*w + 4*r + 191 = v, 5*w - 268 + 97 = -r. List the prime factors of w.
5, 7
Let n = 1 - -7. What are the prime factors of n?
2
Let d = -3 + 4. Let z be (-4)/2 - (d - 3). Suppose 2*j + 10 = z, 0*g = -g + 2*j + 18. What are the prime factors of g?
2
Let b = 13 + -8. Suppose 0 = 5*z + l - 230, 0*z + 3*l - 32 = -